4750 is divided by 562.
22
What is the remainder when 9699 is divided by 1078?
1075
What is the remainder when 4671 is divided by 556?
223
Calculate the remainder when 21635 is divided by 17.
11
What is the remainder when 205048 is divided by 29?
18
What is the remainder when 6377 is divided by 145?
142
What is the remainder when 1023 is divided by 252?
15
What is the remainder when 133192 is divided by 5?
2
What is the remainder when 56332 is divided by 89?
84
Calculate the remainder when 82902 is divided by 9210.
12
What is the remainder when 112 is divided by 78?
34
Calculate the remainder when 581 is divided by 319.
262
What is the remainder when 414285 is divided by 504?
501
Calculate the remainder when 2503 is divided by 119.
4
Calculate the remainder when 329210 is divided by 815.
765
What is the remainder when 4731 is divided by 1571?
18
What is the remainder when 48819 is divided by 6?
3
What is the remainder when 339751 is divided by 98?
83
What is the remainder when 6080 is divided by 5504?
576
What is the remainder when 4122 is divided by 1342?
96
What is the remainder when 114510 is divided by 507?
435
Calculate the remainder when 644 is divided by 17.
15
What is the remainder when 6270 is divided by 92?
14
Calculate the remainder when 1729 is divided by 421.
45
What is the remainder when 120320 is divided by 216?
8
Calculate the remainder when 106675 is divided by 381.
376
What is the remainder when 22667 is divided by 337?
88
What is the remainder when 210837 is divided by 130?
107
Calculate the remainder when 4130 is divided by 71.
12
Calculate the remainder when 773125 is divided by 91.
80
What is the remainder when 66217 is divided by 25?
17
What is the remainder when 3831 is divided by 1911?
9
Calculate the remainder when 2196 is divided by 111.
87
What is the remainder when 97021 is divided by 278?
277
What is the remainder when 4068 is divided by 12?
0
What is the remainder when 21066 is divided by 70?
66
What is the remainder when 334606 is divided by 257?
249
What is the remainder when 3834 is divided by 947?
46
Calculate the remainder when 120856 is divided by 1656.
1624
Calculate the remainder when 303 is divided by 229.
74
Calculate the remainder when 431 is divided by 32.
15
What is the remainder when 9904 is divided by 183?
22
Calculate the remainder when 72292 is divided by 72280.
12
Calculate the remainder when 3659 is divided by 2041.
1618
Calculate the remainder when 1070 is divided by 63.
62
Calculate the remainder when 3104 is divided by 3082.
22
Calculate the remainder when 171964 is divided by 546.
520
Calculate the remainder when 7685 is divided by 368.
325
Calculate the remainder when 10796 is divided by 187.
137
What is the remainder when 17972961 is divided by 2598?
2595
Calculate the remainder when 30913 is divided by 773.
766
Calculate the remainder when 7996 is divided by 995.
36
Calculate the remainder when 75149 is divided by 427.
424
Calculate the remainder when 2718 is divided by 2707.
11
Calculate the remainder when 3944 is divided by 57.
11
Calculate the remainder when 15023 is divided by 1250.
23
Calculate the remainder when 57625 is divided by 903.
736
What is the remainder when 42212 is divided by 10532?
84
Calculate the remainder when 2835 is divided by 56.
35
What is the remainder when 10716 is divided by 1055?
166
Calculate the remainder when 5356 is divided by 5066.
290
Calculate the remainder when 82701 is divided by 160.
141
What is the remainder when 5727 is divided by 164?
151
Calculate the remainder when 724 is divided by 659.
65
What is the remainder when 42124 is divided by 42117?
7
What is the remainder when 383848 is divided by 30?
28
Calculate the remainder when 63094 is divided by 725.
19
Calculate the remainder when 182169 is divided by 182160.
9
Calculate the remainder when 47815 is divided by 556.
555
Calculate the remainder when 4458 is divided by 4455.
3
Calculate the remainder when 6846 is divided by 229.
205
Calculate the remainder when 18399 is divided by 13.
4
Calculate the remainder when 161890 is divided by 72.
34
Calculate the remainder when 25345 is divided by 44.
1
What is the remainder when 8406 is divided by 15?
6
Calculate the remainder when 7385 is divided by 7325.
60
Calculate the remainder when 362124 is divided by 90530.
4
Calculate the remainder when 33354 is divided by 1013.
938
Calculate the remainder when 22332 is divided by 15.
12
What is the remainder when 278781 is divided by 278778?
3
What is the remainder when 77166 is divided by 182?
180
Calculate the remainder when 203785 is divided by 28.
1
Calculate the remainder when 996 is divided by 30.
6
Calculate the remainder when 2710069 is divided by 9.
7
Calculate the remainder when 122792 is divided by 13635.
77
What is the remainder when 22785 is divided by 9?
6
Calculate the remainder when 16473 is divided by 59.
12
What is the remainder when 4925 is divided by 67?
34
What is the remainder when 58116 is divided by 298?
6
What is the remainder when 1032 is divided by 918?
114
Calculate the remainder when 106272 is divided by 1436.
8
Calculate the remainder when 69412 is divided by 247.
5
What is the remainder when 13478 is divided by 3344?
102
Calculate the remainder when 8127 is divided by 120.
87
What is the remainder when 101195 is divided by 66?
17
What is the remainder when 13378 is divided by 13378?
0
What is the remainder when 58709 is divided by 27?
11
What is the remainder when 426691 is divided by 184?
179
Calculate the remainder when 38453 is divided by 76.
73
Calculate the remainder when 3940 is divided by 281.
6
What is the remainder when 8816 is divided by 239?
212
Calculate the remainder when 6172 is divided by 1542.
4
What is the remainder when 8465 is divided by 34?
33
What is the remainder when 10738 is divided by 2630?
218
Calculate the remainder when 984 is divided by 205.
164
What is the remainder when 61140 is divided by 65?
40
What is the remainder when 458817 is divided by 18?
15
Calculate the remainder when 3379 is divided by 22.
13
What is the remainder when 3780 is divided by 47?
20
What is the remainder when 3268 is divided by 72?
28
What is the remainder when 2740 is divided by 655?
120
What is the remainder when 453 is divided by 281?
172
What is the remainder when 62906 is divided by 238?
74
Calculate the remainder when 2649 is divided by 78.
75
What is the remainder when 62198 is divided by 192?
182
Calculate the remainder when 228 is divided by 59.
51
Calculate the remainder when 3637 is divided by 1718.
201
Calculate the remainder when 47743 is divided by 1357.
248
What is the remainder when 4061 is divided by 1996?
69
What is the remainder when 844621 is divided by 13?
11
Calculate the remainder when 2855 is divided by 191.
181
What is the remainder when 907 is divided by 746?
161
Calculate the remainder when 1378 is divided by 673.
32
Calculate the remainder when 3006 is divided by 499.
12
Calculate the remainder when 1025099 is divided by 85.
84
Calculate the remainder when 2517 is divided by 169.
151
Calculate the remainder when 15902 is divided by 391.
262
Calculate the remainder when 43173 is divided by 10793.
1
What is the remainder when 1694 is divided by 244?
230
Calculate the remainder when 32182 is divided by 213.
19
What is the remainder when 93945 is divided by 214?
213
What is the remainder when 2043 is divided by 163?
87
What is the remainder when 61354 is divided by 318?
298
Calculate the remainder when 4010 is divided by 26.
6
Calculate the remainder when 855 is divided by 267.
54
What is the remainder when 3244 is divided by 1616?
12
What is the remainder when 228904 is divided by 12?
4
Calculate the remainder when 8798 is divided by 972.
50
Calculate the remainder when 1617666 is divided by 97.
94
What is the remainder when 331398 is divided by 20?
18
Calculate the remainder when 42249 is divided by 29.
25
What is the remainder when 2001 is divided by 168?
153
What is the remainder when 16285 is divided by 8?
5
Calculate the remainder when 69369 is divided by 3853.
15
Calculate the remainder when 33500 is divided by 1949.
367
What is the remainder when 13708 is divided by 18?
10
Calculate the remainder when 17268 is divided by 157.
155
Calcula